{"id":2,"date":"2014-04-10T03:08:22","date_gmt":"2014-04-10T03:08:22","guid":{"rendered":"http:\/\/www.atib-bielefeld.de\/?page_id=2"},"modified":"2023-11-03T13:51:29","modified_gmt":"2023-11-03T13:51:29","slug":"about","status":"publish","type":"page","link":"https:\/\/www.atib-bielefeld.de\/","title":{"rendered":"Willkommen"},"content":{"rendered":"\t\t<div data-elementor-type=\"wp-page\" data-elementor-id=\"2\" class=\"elementor elementor-2\">\n\t\t\t\t\t\t\t<div class=\"elementor-element elementor-element-3b36cced e-flex e-con-boxed e-con e-parent\" data-id=\"3b36cced\" data-element_type=\"container\" data-settings=\"{&quot;content_width&quot;:&quot;boxed&quot;}\" data-core-v316-plus=\"true\">\n\t\t\t\t\t<div class=\"e-con-inner\">\n\t\t\t\t<div class=\"elementor-element elementor-element-6e3ebb4d elementor-widget elementor-widget-text-editor\" data-id=\"6e3ebb4d\" data-element_type=\"widget\" data-widget_type=\"text-editor.default\">\n\t\t\t\t<div class=\"elementor-widget-container\">\n\t\t\t<style>\/*! elementor - v3.16.0 - 20-09-2023 *\/\n.elementor-widget-text-editor.elementor-drop-cap-view-stacked .elementor-drop-cap{background-color:#69727d;color:#fff}.elementor-widget-text-editor.elementor-drop-cap-view-framed .elementor-drop-cap{color:#69727d;border:3px solid;background-color:transparent}.elementor-widget-text-editor:not(.elementor-drop-cap-view-default) .elementor-drop-cap{margin-top:8px}.elementor-widget-text-editor:not(.elementor-drop-cap-view-default) .elementor-drop-cap-letter{width:1em;height:1em}.elementor-widget-text-editor .elementor-drop-cap{float:left;text-align:center;line-height:1;font-size:50px}.elementor-widget-text-editor .elementor-drop-cap-letter{display:inline-block}<\/style>\t\t\t\t<p>Herzlich willkommen auf den Seiten der Yunus-Emre-Moschee in Bielefeld. Mit unserem Internetauftritt m\u00f6chten wir Ihnen n\u00fctzliche Informationen rund um das Leben von Muslimen in Bielefeld und Umgebung geben. Gerne m\u00f6chten wir Sie auch auf unsere Aktivit\u00e4ten und Veranstaltungen hinweisen, zu denen wir Sie ganz herzlich einladen.<\/p>\t\t\t\t\t\t<\/div>\n\t\t\t\t<\/div>\n\t\t\t\t\t<\/div>\n\t\t\t\t<\/div>\n\t\t\t\t\t\t\t<\/div>\n\t\t","protected":false},"excerpt":{"rendered":"<p>Herzlich willkommen auf den Seiten der Yunus-Emre-Moschee in Bielefeld. Mit unserem Internetauftritt m\u00f6chten wir Ihnen n\u00fctzliche Informationen rund um das Leben von Muslimen in Bielefeld und Umgebung geben. Gerne m\u00f6chten wir Sie auch auf unsere Aktivit\u00e4ten und Veranstaltungen hinweisen, zu denen wir Sie ganz herzlich einladen.<\/p>\n","protected":false},"author":1,"featured_media":0,"parent":0,"menu_order":0,"comment_status":"closed","ping_status":"closed","template":"","meta":{"footnotes":""},"_links":{"self":[{"href":"https:\/\/www.atib-bielefeld.de\/index.php?rest_route=\/wp\/v2\/pages\/2"}],"collection":[{"href":"https:\/\/www.atib-bielefeld.de\/index.php?rest_route=\/wp\/v2\/pages"}],"about":[{"href":"https:\/\/www.atib-bielefeld.de\/index.php?rest_route=\/wp\/v2\/types\/page"}],"author":[{"embeddable":true,"href":"https:\/\/www.atib-bielefeld.de\/index.php?rest_route=\/wp\/v2\/users\/1"}],"replies":[{"embeddable":true,"href":"https:\/\/www.atib-bielefeld.de\/index.php?rest_route=%2Fwp%2Fv2%2Fcomments&post=2"}],"version-history":[{"count":44,"href":"https:\/\/www.atib-bielefeld.de\/index.php?rest_route=\/wp\/v2\/pages\/2\/revisions"}],"predecessor-version":[{"id":670,"href":"https:\/\/www.atib-bielefeld.de\/index.php?rest_route=\/wp\/v2\/pages\/2\/revisions\/670"}],"wp:attachment":[{"href":"https:\/\/www.atib-bielefeld.de\/index.php?rest_route=%2Fwp%2Fv2%2Fmedia&parent=2"}],"curies":[{"name":"wp","href":"https:\/\/api.w.org\/{rel}","templated":true}]}}